{"id":7,"date":"2025-09-10T12:42:05","date_gmt":"2025-09-10T12:42:05","guid":{"rendered":"https:\/\/sundhedoginnovation.dk\/?page_id=7"},"modified":"2025-09-11T15:24:25","modified_gmt":"2025-09-11T15:24:25","slug":"home","status":"publish","type":"page","link":"https:\/\/sundhedoginnovation.dk\/","title":{"rendered":"Om denne blog"},"content":{"rendered":"<p>[et_pb_section fb_built=&#8221;1&#8243; admin_label=&#8221;Header &#038; Blog&#8221; _builder_version=&#8221;4.25.1&#8243; _module_preset=&#8221;default&#8221; background_color=&#8221;gcid-8544a4e2-27b8-420a-83de-1cee04f2fb29&#8243; collapsed=&#8221;on&#8221; global_colors_info=&#8221;{%22gcid-8544a4e2-27b8-420a-83de-1cee04f2fb29%22:%91%22background_color%22%93}&#8221;][et_pb_row _builder_version=&#8221;4.27.4&#8243; _module_preset=&#8221;default&#8221; locked=&#8221;off&#8221; global_colors_info=&#8221;{}&#8221;][et_pb_column type=&#8221;4_4&#8243; _builder_version=&#8221;4.25.1&#8243; _module_preset=&#8221;default&#8221; global_colors_info=&#8221;{}&#8221;][et_pb_heading title=&#8221;SUNDHED OG INNOVATION&#8221; _builder_version=&#8221;4.27.4&#8243; _module_preset=&#8221;dff83287-2d03-4b04-a72d-00ebddb4e063&#8243; title_font=&#8221;Poppins||||||||&#8221; title_font_size=&#8221;63px&#8221; custom_padding=&#8221;20px||||false|false&#8221; title_font_size_tablet=&#8221;63px&#8221; title_font_size_phone=&#8221;63px&#8221; title_font_size_last_edited=&#8221;on|tablet&#8221; border_width_top=&#8221;2px&#8221; locked=&#8221;off&#8221; global_colors_info=&#8221;{}&#8221;][\/et_pb_heading][et_pb_text _builder_version=&#8221;4.27.4&#8243; _module_preset=&#8221;default&#8221; global_colors_info=&#8221;{}&#8221;]<\/p>\n<p data-start=\"339\" data-end=\"745\">Denne blog samler mine erfaringer fra sundhedsv\u00e6sen, politik og innovation \u2013 med fokus p\u00e5 de muligheder og barrierer, jeg m\u00f8der p\u00e5 tv\u00e6rs. Mit prim\u00e6re kompetencefelt ligger i krydsfeltet mellem sundhed, innovation og forretning, hvor jeg insisterer p\u00e5 at s\u00e6tte mennesket f\u00f8rst. Jeg br\u00e6nder for at udvikle l\u00f8sninger, der kan skabe et mere n\u00e6rv\u00e6rende og sammenh\u00e6ngende sundhedssystem \u2013 til gavn for os alle.<\/p>\n<p data-start=\"747\" data-end=\"1096\">Jeg skriver, fordi jeg gennem min tv\u00e6rg\u00e5ende profil kan se nogle m\u00f8nstre og strukturelle problemer, som ofte overses i hverdagen, men som i praksis sp\u00e6nder ben for udvikling og innovation. Netop derfor er det vigtigt, at denne indsigt bliver bragt frem \u2013 s\u00e5 vi kan identificere, hvor det g\u00e5r galt, og skabe viden om, hvordan vi kan g\u00f8re det bedre.<\/p>\n<p data-start=\"1098\" data-end=\"1164\">Den linse, jeg skriver ud fra, er formet af f\u00f8lgende erfaringer:<\/p>\n<ul data-start=\"1166\" data-end=\"2167\">\n<li data-start=\"1166\" data-end=\"1337\">\n<p data-start=\"1168\" data-end=\"1337\"><strong data-start=\"1168\" data-end=\"1191\">Offentlig erfaring:<\/strong> Ca. 20 \u00e5r i socialomr\u00e5det, psykiatrien, region og kommune. I dag ph.d.-studerende p\u00e5 K\u00f8benhavns Universitet med fokus p\u00e5 selvmordsforebyggelse.<\/p>\n<\/li>\n<li data-start=\"1338\" data-end=\"1571\">\n<p data-start=\"1340\" data-end=\"1571\"><strong data-start=\"1340\" data-end=\"1368\">Privat erhvervserfaring:<\/strong> 12 \u00e5r som iv\u00e6rks\u00e6tter med Minplan, der udvikler digitale v\u00e6rkt\u00f8jer til mennesker i krise. Tidligere ogs\u00e5 stifter af andre virksomheder med indg\u00e5ende kendskab til b\u00e5de opture og nedture i iv\u00e6rks\u00e6tteri.<\/p>\n<\/li>\n<li data-start=\"1572\" data-end=\"1768\">\n<p data-start=\"1574\" data-end=\"1768\"><strong data-start=\"1574\" data-end=\"1607\">Civilsamfund og frivillighed:<\/strong> Ildsj\u00e6lepris som ung, stifter af en forening med gratis f\u00f8rstehj\u00e6lpskurser til sp\u00e6db\u00f8rnsfor\u00e6ldre samt deltagelse i lokalr\u00e5d og udvalg, bl.a. inden for trafik.<\/p>\n<\/li>\n<li data-start=\"1769\" data-end=\"1974\">\n<p data-start=\"1771\" data-end=\"1974\"><strong data-start=\"1771\" data-end=\"1790\">Politisk virke:<\/strong> Mange \u00e5rs erfaring som kommunalbestyrelsesmedlem og med organisatorisk arbejde, hvor mit fokus har v\u00e6ret l\u00f8sninger t\u00e6t p\u00e5 borgerne og en mere gennemsigtig og ansvarlig lokalpolitik.<\/p>\n<\/li>\n<li data-start=\"1975\" data-end=\"2167\">\n<p data-start=\"1977\" data-end=\"2167\"><strong data-start=\"1977\" data-end=\"1992\">Personligt:<\/strong> Opvokset p\u00e5 landet, i dag gift gennem 20 \u00e5r og mor til fire. Min families m\u00f8de med sundhedsv\u00e6senet p\u00e5 godt og ondt har givet mig et skarpt blik for b\u00e5de styrker og svagheder i systemet.<\/p>\n<\/li>\n<\/ul>\n<p>&nbsp;<\/p>\n<p style=\"font-weight: 400;\">[\/et_pb_text][et_pb_post_slider _builder_version=&#8221;4.27.4&#8243; _module_preset=&#8221;b131a35d-8860-43c4-82a4-2dbf76cca5c9&#8243; background_color=&#8221;#01516f&#8221; hover_enabled=&#8221;0&#8243; locked=&#8221;off&#8221; global_colors_info=&#8221;{%22gcid-bcc99e3b-722a-4dba-85e5-49c6d1592562%22:%91%22link_text_color%22,%22quote_border_color%22,%22link_text_color%22,%22quote_border_color%22%93,%22gcid-fa3e187d-20a7-4c5a-962d-49a38117a4cc%22:%91%22quote_text_color%22,%22quote_text_color%22%93}&#8221; quote_font_size_tablet=&#8221;18px&#8221; quote_font_size_phone=&#8221;16px&#8221; quote_font_size_last_edited=&#8221;on|phone&#8221; sticky_enabled=&#8221;0&#8243;][\/et_pb_post_slider][et_pb_blog posts_number=&#8221;9&#8243; include_categories=&#8221;27,21,20&#8243; show_author=&#8221;off&#8221; show_date=&#8221;off&#8221; masonry_tile_background_color=&#8221;rgba(255,255,255,0.6)&#8221; _builder_version=&#8221;4.25.1&#8243; _module_preset=&#8221;43fc4071-cf91-468e-af7d-6684a85e488f&#8221; custom_css_read_more=&#8221;margin-top: 10px !important;||display: block;&#8221; locked=&#8221;off&#8221; global_colors_info=&#8221;{%22gcid-bcc99e3b-722a-4dba-85e5-49c6d1592562%22:%91%22link_text_color%22,%22quote_border_color%22%93,%22gcid-fa3e187d-20a7-4c5a-962d-49a38117a4cc%22:%91%22quote_text_color%22,%22meta_text_color%22,%22header_text_color%22,%22read_more_text_color%22%93}&#8221;][\/et_pb_blog][\/et_pb_column][\/et_pb_row][\/et_pb_section][et_pb_section fb_built=&#8221;1&#8243; admin_label=&#8221;Footer&#8221; _builder_version=&#8221;4.25.1&#8243; _module_preset=&#8221;default&#8221; background_color=&#8221;gcid-8544a4e2-27b8-420a-83de-1cee04f2fb29&#8243; saved_tabs=&#8221;all&#8221; collapsed=&#8221;on&#8221; global_colors_info=&#8221;{%22gcid-8544a4e2-27b8-420a-83de-1cee04f2fb29%22:%91%22background_color%22%93}&#8221;][et_pb_row column_structure=&#8221;1_2,1_2&#8243; _builder_version=&#8221;4.25.1&#8243; _module_preset=&#8221;default&#8221; global_colors_info=&#8221;{}&#8221;][et_pb_column type=&#8221;1_2&#8243; _builder_version=&#8221;4.25.1&#8243; _module_preset=&#8221;default&#8221; global_colors_info=&#8221;{}&#8221;][et_pb_heading title=&#8221;Jette Larsen&#8221; _builder_version=&#8221;4.27.4&#8243; _module_preset=&#8221;7c519f1d-153c-496f-8997-21aa3a873583&#8243; global_colors_info=&#8221;{}&#8221;][\/et_pb_heading][et_pb_text _builder_version=&#8221;4.27.4&#8243; _module_preset=&#8221;cbf6bf3f-affc-49a0-88e4-665815bb57b7&#8243; global_colors_info=&#8221;{}&#8221;]<\/p>\n<p data-pm-slice=\"1 1 []\">Jeg h\u00e5ber, at denne hjemmeside kan s\u00e6tte nogle tanker i gang. For mig handler det om at bidrage til de forandringer, der skal til, hvis vi skal lykkes med at skabe et moderne og innovativt sundhedsv\u00e6sen \u2013 hvor vi lykkes sammen, patientens stemme bliver h\u00f8rt, og hvor ingen tabes undervejs.<\/p>\n<p>\u200b<\/p>\n<p>[\/et_pb_text][\/et_pb_column][et_pb_column type=&#8221;1_2&#8243; _builder_version=&#8221;4.25.1&#8243; _module_preset=&#8221;default&#8221; global_colors_info=&#8221;{}&#8221;][et_pb_heading title=&#8221;Skriv gerne til mig&#8221; _builder_version=&#8221;4.27.4&#8243; _module_preset=&#8221;3fd89e99-8f7f-435c-beaa-b9d9952943eb&#8221; title_text_color=&#8221;gcid-fa3e187d-20a7-4c5a-962d-49a38117a4cc&#8221; locked=&#8221;off&#8221; global_colors_info=&#8221;{%22gcid-fa3e187d-20a7-4c5a-962d-49a38117a4cc%22:%91%22title_text_color%22%93}&#8221;][\/et_pb_heading][et_pb_signup mailchimp_list=&#8221;undefined|elegantthemestest|1ea2bbd026&#8243; first_name_field=&#8221;off&#8221; last_name_field=&#8221;off&#8221; _builder_version=&#8221;4.25.1&#8243; _module_preset=&#8221;c72ea677-c236-47dc-ad01-62c3a0d07fb2&#8243; form_field_font_size=&#8221;14px&#8221; locked=&#8221;off&#8221; global_colors_info=&#8221;{%22gcid-fa3e187d-20a7-4c5a-962d-49a38117a4cc%22:%91%22button_bg_color%22,%22form_field_text_color%22,%22button_bg_color%22%93}&#8221;][\/et_pb_signup][\/et_pb_column][\/et_pb_row][et_pb_row column_structure=&#8221;1_3,1_3,1_3&#8243; _builder_version=&#8221;4.25.1&#8243; _module_preset=&#8221;default&#8221; custom_padding=&#8221;27px|||||&#8221; global_colors_info=&#8221;{}&#8221;][et_pb_column type=&#8221;1_3&#8243; _builder_version=&#8221;4.25.1&#8243; _module_preset=&#8221;default&#8221; global_colors_info=&#8221;{}&#8221;][et_pb_heading title=&#8221;Email&#8221; _builder_version=&#8221;4.25.1&#8243; _module_preset=&#8221;d44158fa-7fdd-4874-a9e3-73ae752b9eb3&#8243; custom_margin=&#8221;||0px||false|false&#8221; global_colors_info=&#8221;{}&#8221;][\/et_pb_heading][et_pb_text _builder_version=&#8221;4.27.4&#8243; _module_preset=&#8221;cbf6bf3f-affc-49a0-88e4-665815bb57b7&#8243; link_text_color=&#8221;#666666&#8243; global_colors_info=&#8221;{%22gcid-bcc99e3b-722a-4dba-85e5-49c6d1592562%22:%91%22quote_border_color%22,%22quote_border_color%22,%22quote_border_color%22,%22quote_border_color%22,%22quote_border_color%22%93,%22gcid-fa3e187d-20a7-4c5a-962d-49a38117a4cc%22:%91%22quote_text_color%22,%22quote_text_color%22,%22quote_text_color%22,%22quote_text_color%22,%22quote_text_color%22%93}&#8221;]<\/p>\n<p>Jlsl@minplan.org<\/p>\n<p>[\/et_pb_text][\/et_pb_column][et_pb_column type=&#8221;1_3&#8243; _builder_version=&#8221;4.25.1&#8243; _module_preset=&#8221;default&#8221; global_colors_info=&#8221;{}&#8221;][\/et_pb_column][et_pb_column type=&#8221;1_3&#8243; _builder_version=&#8221;4.25.1&#8243; _module_preset=&#8221;default&#8221; global_colors_info=&#8221;{}&#8221;][\/et_pb_column][\/et_pb_row][et_pb_row _builder_version=&#8221;4.25.1&#8243; _module_preset=&#8221;default&#8221; custom_margin=&#8221;30px||||false|false&#8221; border_color_all=&#8221;#000000&#8243; border_width_top=&#8221;2px&#8221; global_colors_info=&#8221;{}&#8221;][et_pb_column type=&#8221;4_4&#8243; _builder_version=&#8221;4.25.1&#8243; _module_preset=&#8221;default&#8221; global_colors_info=&#8221;{}&#8221;][et_pb_text _builder_version=&#8221;4.25.1&#8243; _dynamic_attributes=&#8221;content&#8221; _module_preset=&#8221;cbf6bf3f-affc-49a0-88e4-665815bb57b7&#8243; text_orientation=&#8221;center&#8221; global_colors_info=&#8221;{}&#8221;]@ET-DC@eyJkeW5hbWljIjp0cnVlLCJjb250ZW50IjoiY3VycmVudF9kYXRlIiwic2V0dGluZ3MiOnsiYmVmb3JlIjoiQ29weXJpZ2h0ICZjb3B5OyAiLCJhZnRlciI6IiBEaXZpLiBBbGwgUmlnaHRzIFJlc2VydmVkLiIsImRhdGVfZm9ybWF0IjoiY3VzdG9tIiwiY3VzdG9tX2RhdGVfZm9ybWF0IjoiWSJ9fQ==@[\/et_pb_text][\/et_pb_column][\/et_pb_row][\/et_pb_section]<\/p>\n","protected":false},"excerpt":{"rendered":"<p>Denne blog samler mine erfaringer fra sundhedsv\u00e6sen, politik og innovation \u2013 med fokus p\u00e5 de muligheder og barrierer, jeg m\u00f8der p\u00e5 tv\u00e6rs. Mit prim\u00e6re kompetencefelt ligger i krydsfeltet mellem sundhed, innovation og forretning, hvor jeg insisterer p\u00e5 at s\u00e6tte mennesket f\u00f8rst. Jeg br\u00e6nder for at udvikle l\u00f8sninger, der kan skabe et mere n\u00e6rv\u00e6rende og sammenh\u00e6ngende [&hellip;]<\/p>\n","protected":false},"author":1,"featured_media":0,"parent":0,"menu_order":0,"comment_status":"closed","ping_status":"closed","template":"","meta":{"_et_pb_use_builder":"on","_et_pb_old_content":"","_et_gb_content_width":"","footnotes":""},"class_list":["post-7","page","type-page","status-publish","hentry"],"_links":{"self":[{"href":"https:\/\/sundhedoginnovation.dk\/index.php?rest_route=\/wp\/v2\/pages\/7","targetHints":{"allow":["GET"]}}],"collection":[{"href":"https:\/\/sundhedoginnovation.dk\/index.php?rest_route=\/wp\/v2\/pages"}],"about":[{"href":"https:\/\/sundhedoginnovation.dk\/index.php?rest_route=\/wp\/v2\/types\/page"}],"author":[{"embeddable":true,"href":"https:\/\/sundhedoginnovation.dk\/index.php?rest_route=\/wp\/v2\/users\/1"}],"replies":[{"embeddable":true,"href":"https:\/\/sundhedoginnovation.dk\/index.php?rest_route=%2Fwp%2Fv2%2Fcomments&post=7"}],"version-history":[{"count":22,"href":"https:\/\/sundhedoginnovation.dk\/index.php?rest_route=\/wp\/v2\/pages\/7\/revisions"}],"predecessor-version":[{"id":100,"href":"https:\/\/sundhedoginnovation.dk\/index.php?rest_route=\/wp\/v2\/pages\/7\/revisions\/100"}],"wp:attachment":[{"href":"https:\/\/sundhedoginnovation.dk\/index.php?rest_route=%2Fwp%2Fv2%2Fmedia&parent=7"}],"curies":[{"name":"wp","href":"https:\/\/api.w.org\/{rel}","templated":true}]}}